d + (-10)/(-35)?
17
Let l(s) = s**3 - 11*s**2 - 11*s - 4. Let g be l(12). Let w = 18 - g. What are the prime factors of w?
2, 5
Let o be (8/(-10))/((-2)/10). Let i = -1 + 2. List the prime factors of -2 + i + 0 + o.
3
Let y be (-4)/4 + (-3)/(-1). Suppose 0 = -y*l + 4*w - 184, -2*w + 3*w + 368 = -4*l. List the prime factors of 2/6 - l/12.
2
Let u be 0 + 3 - (0 + 1). Suppose -y = -u*f - 40, -f + 4*f = 5*y - 67. What are the prime factors of (-2 - f/3)*3?
13
Suppose 12 = i - 25. List the prime factors of i.
37
Let h(l) = -4*l**3 - 9*l**2 - l - 3. Let i(g) = 3*g**3 + 8*g**2 + 3. Let w(c) = -4*h(c) - 5*i(c). Let m be w(3). List the prime factors of 1 - -1 - -4 - m.
2, 3
What are the prime factors of (-234)/(-24) + 1/4?
2, 5
Let q = -3 - -6. Suppose 4*b + 0*b = -2*j + 84, 0 = q*b. What are the prime factors of j?
2, 3, 7
Suppose -4 = 4*o - 16, 0 = -3*x - 5*o + 15. Suppose -4*y + q = -33, -5*q = -x*y - y + 13. List the prime factors of y.
2
Let b be (-2)/(-9) + 1430/45. Let x = b + -19. List the prime factors of x.
13
Suppose -5*b + 4*d + 311 = 0, -3*d + d + 287 = 5*b. What are the prime factors of b?
59
Suppose 5*n + 2 + 8 = 0. Let k = 7 - n. Let o = -1 + k. What are the prime factors of o?
2
Let p = -5 + 13. Let h(c) = -2*c**2 + 18*c + 1. List the prime factors of h(p).
17
Let c = -9 + 16. Let k(w) = c + 0 - w - 1. List the prime factors of k(0).
2, 3
Suppose -a = 5*d - 5 - 7, -4*d + 123 = 5*a. Let u be a/6*(-4)/(-6). Suppose u*l - 2*l + 34 = 5*x, -x + 5 = -2*l. List the prime factors of x.
7
Suppose 611 + 88 = 4*o - 3*k, 3*o = -5*k + 546. What are the prime factors of o?
3, 59
Let p(h) = h + 1. Let a be p(-6). Let n = -3 - a. Suppose 5*q = -n*c + 35, -3*q = c - 4 - 16. What are the prime factors of q?
5
Suppose 5*l = -20, 2*k + 6*l - 98 = l. Suppose -9 = -h + 5*f, 3*f = 3*h + 4*f - k. List the prime factors of h.
19
What are the prime factors of (0 - 76)/(-4)*1?
19
Let m(a) = 3*a**3 - 3*a**2 - 3*a - 4. What are the prime factors of m(3)?
41
Suppose 31*j = 27*j + 480. What are the prime factors of j?
2, 3, 5
Let q = -75 - -114. What are the prime factors of q?
3, 13
Let v be (-12)/(-4) - 2/2. Suppose 0 = -v*t - 4*b, 9*b - 4*b = -t. Suppose 2*x + 0*x - 38 = t. What are the prime factors of x?
19
Suppose -z = 3*v - 2*z - 251, z - 77 = -v. List the prime factors of v.
2, 41
Let f(t) = 1 + 0*t**3 + 2*t - 21*t**2 + t**3 + 27*t**2. List the prime factors of f(-5).
2
Let q = 9 + -4. Suppose q*n + 29 = 5*g - 66, 2*n + 44 = -g. What are the prime factors of (-3)/6*(n - 1)?
11
Suppose 0 = k - 2*o - 24, 6 = 5*k + 3*o - 62. List the prime factors of k.
2
Let x(z) be the second derivative of z**4/12 + z**3/3 - 6*z**2 - 4*z. What are the prime factors of x(5)?
23
Let h be (1/3)/(3/9). Let p(x) = 3*x**2 - 1. Let v be p(h). Suppose 0 = -v*s - 0 + 6. What are the prime factors of s?
3
Suppose 0 = -i + 1 + 7. What are the prime factors of 10/(-3)*(-12)/i?
5
Suppose 16*g - 756 = 14*g. What are the prime factors of g?
2, 3, 7
Suppose -267 + 2373 = 9*c. What are the prime factors of c?
2, 3, 13
Suppose 2*l + 8 = 4*l. Suppose 4*d - 2 = -z, l*z = z + d + 19. Suppose 0 = 2*w - z - 4. List the prime factors of w.
5
Suppose 350 = -0*d - 5*d + 5*b, b = 4*d + 295. Let r = -49 - d. Suppose -h = h - r. What are the prime factors of h?
13
Suppose 36 = 4*j - 2*j. List the prime factors of j.
2, 3
Let b(z) = z**3 + 12*z**2 + 3*z - 25. What are the prime factors of b(-11)?
3, 7
Let c = 17 - -29. What are the prime factors of c?
2, 23
Let s = 9 + -10. List the prime factors of 26 + s - (-2)/2.
2, 13
Let z(n) = n**2 + 3*n + 2. Let q be z(-3). What are the prime factors of ((-10)/(-25))/(q/190)?
2, 19
Let f = 2 - 12. Let k be f/4 - (-2)/(-4). List the prime factors of (0 - -1)/(k/(-33)).
11
Suppose -5*t = -4*t - 5*b + 22, -22 = -4*t - 2*b. Suppose 6*s - t*s = 6. Suppose 0 = 4*n - 0*a + a - 23, s*n = -4*a - 6. What are the prime factors of n?
7
Suppose 3*n + 177 = 3*d, 4*d = -0*d - 5*n + 245. What are the prime factors of d?
2, 3, 5
Suppose 0*d = -3*d - 3. Let r be (-1)/2 + (-3)/2. What are the prime factors of (1 - (r - -9))*d?
2, 3
Let v(m) = -7*m**3 - 2*m**2 - 3*m + 4. List the prime factors of v(-3).
2, 23
Let q = -28 + 85. What are the prime factors of q?
3, 19
Suppose -15 = -3*m, m = 3*x + 2*x - 25. Let n = x + 7. List the prime factors of n.
13
Let b = 442 - 312. List the prime factors of b.
2, 5, 13
Let l be (-12)/(4/2 + -3). What are the prime factors of ((-8)/l)/((-1)/9)?
2, 3
What are the prime factors of (17/(-2))/((-2)/12)?
3, 17
Suppose -2*h = -0*h - g - 132, -5*h = 3*g - 319. Let s = -37 + h. List the prime factors of s.
2, 7
Let n(s) = -s**2 - 8*s - 12. What are the prime factors of n(-5)?
3
Let a = -10 - -4. Let n be (4/a)/((-4)/30). Suppose -2*l = -9 - n. What are the prime factors of l?
7
Let i(h) be the first derivative of 10*h**3/3 - 2. Let q be ((-4)/20)/((-1)/5). List the prime factors of i(q).
2, 5
Suppose -5*h - 4*p + 50 = 0, 5*h + 2*p - 4*p = 20. Let j = 10 - h. Suppose 0 = -3*n + j*l + 46, -5*n + 101 + 29 = 4*l. List the prime factors of n.
2, 11
Let a(w) = 4*w**3 + w + 1. Let x be a(2). What are the prime factors of (-5)/x - 436/(-14)?
31
Suppose -3*n + 16 + 11 = 0. Let x(s) = s**3 - 5*s**2 - 6*s + 2. Let m be x(6). Let j = n + m. What are the prime factors of j?
11
Let y = -21 - -11. Let i = 14 + y. List the prime factors of i.
2
Let y be 18/(-12)*4/(-3). Let h = -6 - -9. Suppose y*k + 10 = 2*j, -2*j + j = -h*k - 9. What are the prime factors of j?
3
Suppose 5*m = 2*m - 3*w + 132, 2*m - 2*w = 96. List the prime factors of m.
2, 23
Let m be 2/(-7) + 1020/42. Suppose m = -2*s + 3*s. Suppose 2*p = -6, -4*p - s = -b - 0*b. What are the prime factors of b?
2, 3
Suppose -9 - 91 = -5*p. Suppose 3*r = 3*m - 51, r - p = 6*r. List the prime factors of m.
13
Let y = 13 + -11. What are the prime factors of 2/((-15)/8 + y)?
2
Let x be ((-6)/(-4))/(9/312). List the prime factors of x/(-12)*(-2 + -4).
2, 13
Let x = -125 - -232. List the prime factors of x.
107
Let w = 135 - 73. What are the prime factors of w?
2, 31
Let z(t) = -t. Suppose -5*f - y = 2*y + 57, 0 = 5*f - 2*y + 37. List the prime factors of z(f).
3
Let c be 75/20 - 2/(-8). Let i = -1 + c. Suppose -2*d = -i*d + 6. What are the prime factors of d?
2, 3
Let u be (-14)/(-6) + 5/(-15). Suppose 4*p - 3*r = u*p + 3, p = -3*r - 3. Suppose -2*t + 26 + 14 = p. List the prime factors of t.
2, 5
Suppose -4*n = -n + 6. Let t(d) be the first derivative of 5*d**3/3 - d + 13. List the prime factors of t(n).
19
What are the prime factors of (-3)/(18/(-188)) + (-3)/9?
31
Let q be 1 + -1 - -1 - -3. Let j = 6 - q. What are the prime factors of j?
2
Let u = -1 + -2. Let q(f) = -f - 1. Let m be q(u). Suppose 1 = -0*t - t, -3*o + m = 4*t. What are the prime factors of o?
2
Suppose 3*f + o = 6*o + 6, -4*f + 8 = 2*o. Suppose f*g - 42 - 20 = 0. What are the prime factors of g?
31
Let t(w) = w**3 + 8*w**2 + 9*w + 7. Let m(a) = a**3 + 4*a**2 - 3*a + 3. Let c be m(-5). Let n be t(c). What are the prime factors of 3/(-3 + 0)*n?
7
List the prime factors of ((-9)/6)/3*2 - -218.
7, 31
Suppose 0 = 2*a + 4*s - 296, 0 = -2*s + 6*s + 4. List the prime factors of ((-4)/10)/((-3)/a).
2, 5
Suppose -4*n + 2*n + 4 = 0. Let w(y) = 2*y - y - n*y + 9. List the prime factors of w(7).
2
Suppose 2*m + 4 - 2 = 0, -2*l + 232 = 2*m. List the prime factors of l.
3, 13
Suppose 41*a - 32*a - 3582 = 0. List the prime factors of a.
2, 199
Let h(t) = 9*t - 5. List the prime factors of h(4).
31
Suppose -10 = 2*b, 2 = -4*c - 3*b - 1. Let r = -6 - -11. Suppose 0*w - c*w + 5 = -r*n, w = 2*n. List the prime factors of w.
2, 5
Suppose -14 = -2*c + 22. Suppose 3*i = -0*i - c. List the prime factors of ((-8)/i)/((-3)/(-27)).
2, 3
Suppose 8*s - 168 = 4*s. List the prime factors of s.
2, 3, 7
List the prime factors of ((-28)/(-35))/(2/55).
2, 11
Let k(u) = 20*u - 56. What are the prime factors of k(20)?
2, 43
Let y(g) = 3*g**3 + g**2 - 1. Let b be y(2). Let i be 3*(-3)/(b/(-6)). Suppose r + i*f = 4*r - 18, 2*f = r - 10. What are the prime factors of r?
2
Suppose 2*x = -v + 12, x - 8 = -5*v + 7. Suppose 2*c - x*u = -21, -3*u - 42 = 4*c + 39. List the prime factors of (-159)/c - (-2)/12.
3
Let o(p) = p**3 + 14*p**2 - 17*p + 4. What are the prime factors of o(-13)?
2, 197